rime factors of p?
3
Suppose -4*r + 1941 + 2779 = 0. List the prime factors of r.
2, 5, 59
Let a be 0/(10/2 - 7). Suppose -3*z + 229 = -0*z + 2*c, a = 5*z - 4*c - 389. What are the prime factors of z?
7, 11
Let k be (18/(-5))/((-12)/40). Suppose -5*j + k = -2*j. Suppose j*x = -x + 160. What are the prime factors of x?
2
Let g(m) be the third derivative of 17*m**6/30 + m**4/24 - m**3/6 + m**2. List the prime factors of g(1).
2, 17
Suppose -5*o + 185 = s, -s = 3*s + 20. Suppose 2*w = 17 - 71. Let p = o + w. What are the prime factors of p?
11
Suppose -39*v - 428 = -43*v. Suppose -r - 347 = -4*n, -3*r + 12 - v = -n. List the prime factors of n.
2, 43
Suppose 0 = c + 3*c + 4, 3*l - 37 = 4*c. Suppose 0*n - l = -n. Let y(d) = 3*d - 23. List the prime factors of y(n).
2, 5
Let g(o) = -24*o - 16. Let q(v) = v. Let u(l) = -g(l) - q(l). List the prime factors of u(3).
5, 17
Let j(v) = v**2 - 20*v + 47. What are the prime factors of j(23)?
2, 29
Let b be -5*(-2)/10*-47. Let o = b + 52. What are the prime factors of o?
5
Let n = -561 - -1096. List the prime factors of n.
5, 107
Let v(d) be the first derivative of -d**3/3 - 7*d**2/2 - 2*d + 291. Let q be (-34)/8 - (-1)/4. What are the prime factors of v(q)?
2, 5
Suppose -2*t + 290 = h, -t - 321 = -2*h + 284. What are the prime factors of h?
2, 3, 5
Suppose 5*u - 11 = 4. List the prime factors of -2*94/(-12)*u.
47
Suppose -1045 = -5*u - 265. Let a = u + -74. Suppose -a = -m - 25. List the prime factors of m.
3, 19
List the prime factors of (2 - 4)*(-36106)/28.
2579
Let d(u) = 3*u**3 - u**2 + u - 2. Let r be d(2). What are the prime factors of (2 - 117)*(-8)/r?
2, 23
Let a(b) = 107*b**2 - 11*b - 4. Let l be a(-1). Let j = -4 - -9. Suppose -j*n + 151 = -l. What are the prime factors of n?
53
Suppose 2*a - 403 = -0*d - 3*d, 4*a + 4*d = 800. What are the prime factors of a?
197
Let z = 214 - -289. What are the prime factors of z?
503
Let h be -2 - (-4 + 1 + 4). Let z be (2/h + 2)*-3. List the prime factors of 1/((12/(-21))/z).
7
Let o(f) = -2*f + 4. Let r be o(4). Let v be ((-24)/(-9))/r*-12. Suppose -v = u - 5*u. What are the prime factors of u?
2
Let r = 1 - -2. Suppose -r*x + 90 = -96. What are the prime factors of x?
2, 31
What are the prime factors of 15/((-105)/(-1316))*(-129)/(-6)?
2, 43, 47
Suppose -65 = 5*y - 210. Suppose 5*j + y = -46. Let x = -1 - j. What are the prime factors of x?
2, 7
Let z be 1194/7 + 4/(-7). Suppose z = -2*i + 7*i. What are the prime factors of i?
2, 17
Let y(o) = -17*o + 80. What are the prime factors of y(-23)?
3, 157
Let j = -34 - -34. Suppose -i + 29 = b, 3*b + 0*b - i - 95 = j. List the prime factors of b.
31
Suppose -n - 21 = 7. Let s = n - -33. Suppose -u + 53 = -2*v - 7, s*u - v = 309. List the prime factors of u.
2, 31
Suppose -2*o + 20*o = 108216. List the prime factors of o.
2, 3, 167
Suppose 2*j + 100*f - 3922 = 104*f, -f = 4*j - 7853. List the prime factors of j.
13, 151
Suppose -5*c + 1 = -14. What are the prime factors of (-282)/(-5)*50/45*c?
2, 47
Let l = 27 + -15. Let p(o) = 84 - 8*o - 94 - 2*o + o**2. What are the prime factors of p(l)?
2, 7
Let y = 669 + -340. What are the prime factors of y?
7, 47
Let m be 0*(0 - -1)/(-3). Suppose 0 = 5*a - 3*h + 254, a + h - 5*h + 61 = m. Let p = -25 - a. What are the prime factors of p?
2, 3
Suppose 0 = 3*n - 8*n + 2345. List the prime factors of (n/14)/(1/2).
67
Let o be 2/(-9) + 14748/27. Suppose -5*n + o = 26. What are the prime factors of n?
2, 13
Let j(b) = 6*b + 218. What are the prime factors of j(6)?
2, 127
Suppose -1039*i - 4734 = -1045*i. List the prime factors of i.
3, 263
Let n(v) = -2*v**3 - 23*v**2 - 90*v - 36. List the prime factors of n(-12).
2, 3, 11
Let q be (-2)/(-5) + 12/(-5). Let w be q/(-7) - (-440)/77. Suppose -l + w = l. List the prime factors of l.
3
Let o = 22 - 22. Suppose 2 + 7 = 3*v, o = -5*f + v + 372. List the prime factors of f.
3, 5
Let p be ((-6)/(-8)*-2)/((-3)/306). Let a = 217 - p. What are the prime factors of a?
2
Let g(r) = 8*r - 6. Suppose -3*q - 6 = -4*q. Let w(b) = 9*b - 6. Let n(z) = q*g(z) - 5*w(z). What are the prime factors of n(5)?
3
Suppose -13*q + 3289 = -3705. What are the prime factors of q?
2, 269
Let w = 2 - 2. Let d be 67 - (4 + -1) - -4. Suppose -2*f = -w*f - d. List the prime factors of f.
2, 17
Let o(w) = -5*w**3 + 20*w**2 - 34*w + 60. Let t(k) = k**3 - 4*k**2 + 7*k - 12. Let q(v) = 2*o(v) + 11*t(v). What are the prime factors of q(6)?
2, 3, 19
Let t = 6 + -3. Let q(m) = -4*m + 28. Let a be q(-11). Suppose a = t*h - 0*h. List the prime factors of h.
2, 3
Let t(c) = -4646*c**3 - 8*c**2 - 9*c - 2. What are the prime factors of t(-1)?
5, 929
List the prime factors of ((-3376)/36)/((-4)/72).
2, 211
Suppose -4*j + 20 = j. Suppose -3*g + j*g = 3. Suppose 2*b = -g*b + 35. List the prime factors of b.
7
Let a(r) = 106*r - 1. Let c be a(4). List the prime factors of (25/(-15))/((-3)/c).
5, 47
Suppose -q + 8 = 3*q. Let m be (0/(-11))/(q + -1). Suppose -3*r - 4*u + 0*u = -135, m = -5*r - 2*u + 239. What are the prime factors of r?
7
Let y(h) be the third derivative of h**5/20 + h**4/6 + 5*h**3/6 + 3*h**2. What are the prime factors of y(-4)?
37
Let p(k) = -k**2 + 11*k + 10. Let a be p(12). Let n(y) = y**3 + 8*y**2 + 3*y + 18. Let i be n(-8). List the prime factors of (-133)/a + (-3)/i.
67
Let s(v) = 2*v**3 - 19*v**2 - 61*v - 38. List the prime factors of s(16).
2, 13, 89
Suppose 3 = -t - 2*y, -5*t - 3*y = -7 - 6. List the prime factors of (-65)/(-2)*4/t.
2, 13
Suppose -3*d = -4*g - 4, -2*g + 24 = 3*d - 10. Let o = 9 - d. Suppose -o + 7 = 3*l. List the prime factors of l.
2
Let r(u) = -u**2 + 11*u + 15. Let p be r(12). Let z be -2 + p + (3 - 6). List the prime factors of 2*((-13)/z)/1.
13
Let w = -688 + 1071. List the prime factors of w.
383
Suppose -q = 4*u + 4*q - 7849, 0 = -4*q + 20. List the prime factors of u.
2, 3, 163
Let r be ((-2)/6)/(1/(-30)). Let t = r - 8. Suppose 42 = 4*v + t*m + 3*m, 8 = -4*m. What are the prime factors of v?
13
What are the prime factors of 8564/(-12)*45/(-15)?
2141
Let m be 180/28 - (-6)/(-14). Let n be -1*2*(m + 0). List the prime factors of 16*(-2)/(32/n).
2, 3
Let g = 1 + -7. List the prime factors of -10*(g/(-16))/((-7)/28).
3, 5
Suppose 774 = 4*d + 3*v - 262, 777 = 3*d - 2*v. List the prime factors of d.
7, 37
Suppose k = 3*k - 38. Suppose 1 = 5*c - k. What are the prime factors of 7*(-16)/((-16)/c)?
2, 7
Suppose 4579 = 9*j + 10*j. What are the prime factors of j?
241
What are the prime factors of (-14)/63 + (173492/36 - -4)?
7, 13, 53
Suppose -5*z - 123 - 92 = -4*k, -5*z + 325 = 5*k. List the prime factors of k/(-40)*(-158)/1.
3, 79
Suppose 0 = 3*y + 5*a - 6*a - 4, 0 = y + 3*a + 12. Suppose y = -h - h + 74. What are the prime factors of h?
37
Let o(h) = -2*h + 31. Let b = 53 - 44. What are the prime factors of o(b)?
13
Let g(c) = c**3 + 24*c**2 - 53*c + 42. List the prime factors of g(-22).
2, 17
Let d = 576 - -118. What are the prime factors of d?
2, 347
Let k = 4991 - 3147. What are the prime factors of k?
2, 461
What are the prime factors of 26/117 - (-45376)/9?
2, 2521
Let m = -59 + 102. Suppose -m*x + 46*x - 207 = 0. List the prime factors of x.
3, 23
Let h = 430 - -1623. What are the prime factors of h?
2053
Suppose 6*t = 3*t + 3. What are the prime factors of -2*1*(165/(-10) + t)?
31
Let x(c) = c + 4. Let t be x(-2). Suppose -3*i - t*u = 3*u - 91, -5*u = 2*i - 59. What are the prime factors of i?
2
Let v be (4/(-6))/(-2*(-1)/(-21)). List the prime factors of (v + -5)/(1/50).
2, 5
Suppose 0 = -5*u + u + 8. Suppose j - 3*l = 2, -2*j = -2*l - u - 2. Suppose -10 = -j*k + 44. List the prime factors of k.
3
Let x(f) = f**3 - 45*f**2 + 35*f - 155. What are the prime factors of x(45)?
2, 5, 71
Let n(d) = -d**3 + 8*d**2 - 6*d + 13. Suppose -2*i - 3*i + 85 = 0. Suppose q - i = -3*g, 0*q + 1 = -q. What are the prime factors of n(g)?
7
Suppose -5*s = -d + 111, 3*s = 4*s - 2. Let b = d - 72. What are the prime factors of b?
7
Let y(a) = -a**2 - 5*a + 1. Let o(x) = x**2 + 9*x - 2. Let c(u) = -6*o(u) - 11*y(u). Let r be c(-2). Suppose h + r - 63 = 0. What are the prime factors of h?
2, 11
Let g = 2353 - 1172. What are the prime factors of g?
1181
Let h(a) = 7*a**2 - 25. Let c(u) = -15*u**2 + u + 51. Let l(x) = 6*c(x) + 13*h(x). What are the pri